List the prime factors of 15095.
5, 3019
What are the prime factors of 15992?
2, 1999
List the prime factors of 108117.
3, 41, 293
What are the prime factors of 6906?
2, 3, 1151
What are the prime factors of 258?
2, 3, 43
What are the prime factors of 47772?
2, 3, 1327
What are the prime factors of 2646?
2, 3, 7
What are the prime factors of 107798?
2, 53899
List the prime factors of 1336.
2, 167
What are the prime factors of 9113?
13, 701
What are the prime factors of 2128?
2, 7, 19
What are the prime factors of 30661?
30661
What are the prime factors of 48569?
17, 2857
List the prime factors of 30509.
30509
List the prime factors of 1239.
3, 7, 59
List the prime factors of 11219.
13, 863
List the prime factors of 583.
11, 53
What are the prime factors of 183?
3, 61
What are the prime factors of 1186?
2, 593
What are the prime factors of 92148?
2, 3, 7, 1097
What are the prime factors of 32173?
32173
List the prime factors of 482.
2, 241
List the prime factors of 3146.
2, 11, 13
What are the prime factors of 29144?
2, 3643
What are the prime factors of 2745?
3, 5, 61
What are the prime factors of 2941?
17, 173
List the prime factors of 8278.
2, 4139
List the prime factors of 25205.
5, 71
List the prime factors of 317.
317
List the prime factors of 66263.
23, 43, 67
List the prime factors of 125.
5
List the prime factors of 9477.
3, 13
What are the prime factors of 34963?
34963
List the prime factors of 3765.
3, 5, 251
What are the prime factors of 112753?
47, 2399
List the prime factors of 2056.
2, 257
What are the prime factors of 43727?
73, 599
What are the prime factors of 16178?
2, 8089
List the prime factors of 3958.
2, 1979
List the prime factors of 1108.
2, 277
List the prime factors of 35778.
2, 3, 67, 89
What are the prime factors of 1999?
1999
List the prime factors of 148.
2, 37
What are the prime factors of 4438?
2, 7, 317
List the prime factors of 77332.
2, 19333
List the prime factors of 490.
2, 5, 7
What are the prime factors of 1822?
2, 911
List the prime factors of 4236.
2, 3, 353
List the prime factors of 85709.
13, 19, 347
List the prime factors of 22480.
2, 5, 281
What are the prime factors of 731?
17, 43
What are the prime factors of 995?
5, 199
What are the prime factors of 2248?
2, 281
What are the prime factors of 23149?
7, 3307
What are the prime factors of 3623?
3623
List the prime factors of 892.
2, 223
What are the prime factors of 5178?
2, 3, 863
List the prime factors of 7045.
5, 1409
List the prime factors of 576.
2, 3
List the prime factors of 9665.
5, 1933
List the prime factors of 17319.
3, 23, 251
List the prime factors of 31546.
2, 15773
List the prime factors of 136743.
3, 19, 2399
What are the prime factors of 6018?
2, 3, 17, 59
List the prime factors of 4423.
4423
What are the prime factors of 6247?
6247
What are the prime factors of 101?
101
What are the prime factors of 79955?
5, 15991
What are the prime factors of 787?
787
What are the prime factors of 352?
2, 11
List the prime factors of 1250.
2, 5
What are the prime factors of 16724?
2, 37, 113
What are the prime factors of 141115?
5, 13, 167
What are the prime factors of 5378?
2, 2689
List the prime factors of 38868.
2, 3, 41, 79
What are the prime factors of 3542?
2, 7, 11, 23
What are the prime factors of 5422?
2, 2711
List the prime factors of 8369.
8369
What are the prime factors of 1312?
2, 41
What are the prime factors of 5922?
2, 3, 7, 47
What are the prime factors of 3946?
2, 1973
List the prime factors of 17993.
19, 947
What are the prime factors of 17921?
17921
What are the prime factors of 97422?
2, 3, 13, 1249
What are the prime factors of 9926?
2, 7, 709
What are the prime factors of 1593?
3, 59
List the prime factors of 1348.
2, 337
List the prime factors of 17919.
3, 11, 181
List the prime factors of 635.
5, 127
What are the prime factors of 11646?
2, 3, 647
List the prime factors of 7597.
71, 107
What are the prime factors of 14576?
2, 911
List the prime factors of 181.
181
List the prime factors of 64886.
2, 32443
List the prime factors of 61992.
2, 3, 7, 41
List the prime factors of 27895.
5, 7, 797
List the prime factors of 4363.
4363
List the prime factors of 8451.
3, 313
What are the prime factors of 6825?
3, 5, 7, 13
List the prime factors of 930.
2, 3, 5, 31
What are the prime factors of 1894?
2, 947
What are the prime factors of 28111?
28111
What are the prime factors of 19?
19
What are the prime factors of 7210?
2, 5, 7, 103
What are the prime factors of 10984?
2, 1373
List the prime factors of 19662.
2, 3, 29, 113
List the prime factors of 4667.
13, 359
List the prime factors of 9688.
2, 7, 173
What are the prime factors of 3734?
2, 1867
List the prime factors of 16839.
3, 1871
List the prime factors of 261.
3, 29
List the prime factors of 36301.
31, 1171
List the prime factors of 2076.
2, 3, 173
What are the prime factors of 6935?
5, 19, 73
What are the prime factors of 222?
2, 3, 37
What are the prime factors of 115844?
2, 28961
What are the prime factors of 37998?
2, 3, 2111
What are the prime factors of 1085?
5, 7, 31
List the prime factors of 35849.
11, 3259
What are the prime factors of 2310?
2, 3, 5, 7, 11
What are the prime factors of 23420?
2, 5, 1171
What are the prime factors of 4289?
4289
List the prime factors of 7610.
2, 5, 761
What are the prime factors of 1117?
1117
What are the prime factors of 19346?
2, 17, 569
What are the prime factors of 8561?
7, 1223
List the prime factors of 18825.
3, 5, 251
What are the prime factors of 1573?
11, 13
What are the prime factors of 2952?
2, 3, 41
List the prime factors of 2567.
17, 151
List the prime factors of 1891.
31, 61
List the prime factors of 5918.
2, 11, 269
List the prime factors of 85.
5, 17
What are the prime factors of 11616?
2, 3, 11
List the prime factors of 4845.
3, 5, 17, 19
What are the prime factors of 24837?
3, 17, 487
List the prime factors of 14013.
3, 173
List the prime factors of 5319.
3, 197
What are the prime factors of 123189?
3, 11, 3733
List the prime factors of 12104.
2, 17, 89
List the prime factors of 537.
3, 179
What are the prime factors of 1368?
2, 3, 19
What are the prime factors of 4574?
2, 2287
What are the prime factors of 2218?
2, 1109
What are the prime factors of 555?
3, 5, 37
List the prime factors of 367.
367
List the prime factors of 4969.
4969
What are the prime factors of 2030?
2, 5, 7, 29
What are the prime factors of 45379?
23, 1973
List the prime factors of 8125.
5, 13
List the prime factors of 1535.
5, 307
What are the prime factors of 1166?
2, 11, 53
What are the prime factors of 163312?
2, 59, 173
List the prime factors of 18313.
18313
List the prime factors of 5318.
2, 2659
List the prime factors of 2870.
2, 5, 7, 41
What are the prime factors of 654?
2, 3, 109
List the prime factors of 1754.
2, 877
What are the prime factors of 22897?
7, 3271
What are the prime factors of 10146?
2, 3, 19, 89
What are the prime factors of 63749?
7, 1301
List the prime factors of 5213.
13, 401
What are the prime factors of 19822?
2, 11, 17, 53
List the prime factors of 582.
2, 3, 97
What are the prime factors of 2044?
2, 7, 73
List the prime factors of 1636.
2, 409
List the prime factors of 4262.
2, 2131
What are the prime factors of 2183?
37, 59
List the prime factors of 13763.
13763
List the prime factors of 5644.
2, 17, 83
List the prime factors of 45562.
2, 11, 19, 109
List the prime factors of 14707.
7, 11, 191
List the prime factors of 19475.
5, 19, 41
List the prime factors of 42870.
2, 3, 5, 1429
What are the prime factors of 46860?
2, 3, 5, 11, 71
What are the prime factors of 15529?
53, 293
What are the prime factors of 580?
2, 5, 29
What are the prime factors of 20904?
2, 3, 13, 67
What are the prime factors of 1198?
2, 599
List the prime factors of 42428.
2, 10607
List the prime factors of 12948.
2, 3, 13, 83
List the prime factors of 52552.
2, 6569
What are the prime factors of 532?
2, 7, 19
List the prime factors of 3192.
2, 3, 7, 19
What are the prime factors of 879?
3, 293
What are the prime factors of 23803?
13, 1831
What are the prime factors of 1784?
2, 223
List the prime factors of 1756.
2, 439
What are the prime factors of 124715?
5, 24943
What are the prime factors of 15870?
2, 3, 5, 23
List the prime factor